984 and 123?
123
Calculate the greatest common factor of 1768 and 1664.
104
What is the greatest common divisor of 28 and 623?
7
Calculate the highest common factor of 304 and 19.
19
Calculate the highest common divisor of 259 and 1073.
37
What is the greatest common divisor of 34 and 1734?
34
What is the greatest common divisor of 122 and 11529?
61
What is the highest common factor of 525 and 100?
25
Calculate the highest common factor of 315 and 27.
9
Calculate the highest common factor of 2535 and 30.
15
What is the greatest common factor of 45 and 195?
15
Calculate the highest common factor of 513 and 135.
27
What is the highest common factor of 748 and 8?
4
Calculate the greatest common factor of 2608 and 163.
163
Calculate the greatest common factor of 36 and 12.
12
What is the greatest common factor of 273 and 286?
13
What is the highest common factor of 515 and 10?
5
What is the highest common factor of 28122 and 109?
109
Calculate the highest common divisor of 370 and 2035.
185
What is the greatest common factor of 189 and 1089?
9
What is the greatest common factor of 936 and 2392?
104
Calculate the highest common factor of 106 and 371.
53
What is the highest common factor of 9 and 9?
9
What is the highest common factor of 24 and 16?
8
What is the highest common divisor of 1794 and 858?
78
Calculate the greatest common divisor of 48 and 3576.
24
Calculate the highest common divisor of 2993 and 41.
41
Calculate the greatest common divisor of 714 and 1122.
102
What is the highest common factor of 12 and 3?
3
Calculate the greatest common divisor of 136 and 170.
34
What is the greatest common divisor of 6500 and 156?
52
What is the highest common factor of 805 and 14?
7
What is the greatest common factor of 1950 and 210?
30
What is the greatest common factor of 2034 and 594?
18
What is the greatest common divisor of 459 and 6120?
153
What is the highest common divisor of 225 and 25?
25
Calculate the highest common divisor of 13 and 23.
1
Calculate the highest common divisor of 676 and 14.
2
Calculate the highest common factor of 22 and 1298.
22
What is the highest common factor of 480 and 180?
60
Calculate the highest common divisor of 144 and 117.
9
What is the greatest common factor of 76 and 361?
19
What is the greatest common divisor of 260 and 52?
52
What is the highest common divisor of 9170 and 70?
70
What is the greatest common divisor of 42 and 399?
21
Calculate the greatest common factor of 290 and 50.
10
Calculate the highest common factor of 15232 and 128.
128
What is the highest common factor of 25 and 800?
25
Calculate the highest common divisor of 72 and 2988.
36
Calculate the greatest common factor of 18 and 612.
18
Calculate the highest common factor of 1328 and 83.
83
Calculate the greatest common factor of 17 and 136.
17
What is the highest common divisor of 44 and 412?
4
What is the highest common factor of 60 and 1200?
60
Calculate the highest common divisor of 1573 and 13.
13
What is the greatest common divisor of 1700 and 51?
17
What is the greatest common divisor of 44011 and 11?
11
What is the highest common factor of 52 and 26?
26
Calculate the greatest common divisor of 6443 and 102.
17
What is the highest common factor of 7 and 161?
7
What is the greatest common divisor of 390 and 25155?
195
Calculate the highest common divisor of 3645 and 180.
45
What is the highest common factor of 752 and 329?
47
What is the highest common divisor of 6768 and 96?
48
What is the highest common factor of 469 and 67?
67
Calculate the greatest common divisor of 9 and 2.
1
Calculate the highest common factor of 10 and 23230.
10
What is the greatest common divisor of 4 and 124?
4
Calculate the greatest common factor of 2600 and 60.
20
Calculate the greatest common divisor of 410 and 287.
41
Calculate the highest common factor of 378 and 81.
27
What is the greatest common divisor of 891 and 693?
99
What is the greatest common factor of 3 and 192?
3
Calculate the highest common factor of 639 and 3479.
71
Calculate the greatest common factor of 28 and 70.
14
Calculate the greatest common factor of 295 and 15.
5
Calculate the greatest common factor of 189 and 2709.
63
Calculate the highest common divisor of 2035 and 385.
55
Calculate the greatest common factor of 10031 and 7.
7
What is the greatest common factor of 118 and 236?
118
What is the highest common factor of 657 and 73?
73
Calculate the highest common divisor of 1339 and 39.
13
What is the greatest common factor of 3886 and 696?
58
What is the greatest common factor of 3008 and 94?
94
Calculate the greatest common factor of 1972 and 119.
17
What is the highest common factor of 1541 and 46?
23
Calculate the greatest common divisor of 39 and 143.
13
Calculate the highest common divisor of 5 and 13385.
5
What is the highest common divisor of 2886 and 156?
78
What is the greatest common divisor of 244 and 1647?
61
Calculate the greatest common divisor of 105 and 135.
15
Calculate the highest common factor of 96 and 144.
48
Calculate the highest common divisor of 5162 and 1246.
178
Calculate the highest common factor of 3193 and 31.
31
What is the greatest common factor of 48 and 408?
24
Calculate the greatest common divisor of 410 and 10.
10
Calculate the highest common factor of 6 and 10554.
6
What is the highest common divisor of 20 and 4045?
5
What is the highest common factor of 5502 and 42?
42
What is the greatest common divisor of 6 and 64?
2
What is the greatest common divisor of 163 and 4?
1
Calculate the highest common factor of 361 and 133.
19
What is the greatest common divisor of 10824 and 48?
24
What is the highest common divisor of 620 and 20?
20
Calculate the greatest common divisor of 324 and 12.
12
What is the highest common factor of 17 and 187?
17
What is the greatest common divisor of 2747 and 134?
67
What is the greatest common factor of 68 and 6?
2
Calculate the highest common divisor of 203 and 1073.
29
Calculate the highest common factor of 39 and 6331.
13
What is the highest common divisor of 5130 and 380?
190
Calculate the greatest common divisor of 3 and 1683.
3
What is the highest common divisor of 98 and 140?
14
What is the highest common factor of 15852 and 12?
12
Calculate the highest common divisor of 9 and 23.
1
Calculate the greatest common factor of 1225 and 25.
25
Calculate the highest common factor of 308 and 1452.
44
Calculate the highest common divisor of 9036 and 288.
36
Calculate the greatest common divisor of 24706 and 22.
22
Calculate the highest common divisor of 17 and 1887.
17
What is the greatest common divisor of 28 and 7?
7
What is the greatest common factor of 329 and 7?
7
Calculate the highest common divisor of 108 and 84.
12
Calculate the greatest common factor of 1 and 125.
1
Calculate the highest common divisor of 4418 and 376.
94
Calculate the greatest common factor of 86 and 2451.
43
Calculate the highest common factor of 36 and 3339.
9
Calculate the greatest common divisor of 686 and 98.
98
What is the greatest common factor of 19 and 2432?
19
Calculate the highest common factor of 2400 and 72.
24
Calculate the greatest common divisor of 396 and 88.
44
Calculate the highest common factor of 957 and 609.
87
Calculate the greatest common divisor of 23589 and 9.
9
What is the greatest common divisor of 147 and 3423?
21
What is the highest common divisor of 2337 and 114?
57
Calculate the greatest common divisor of 12 and 4808.
4
What is the highest common factor of 1600 and 450?
50
What is the greatest common factor of 284 and 4757?
71
Calculate the greatest common divisor of 4087 and 201.
67
What is the greatest common factor of 2535 and 30?
15
What is the highest common divisor of 10379 and 107?
107
What is the highest common factor of 68 and 404?
4
Calculate the highest common factor of 10 and 330.
10
What is the greatest common divisor of 3978 and 459?
153
What is the greatest common factor of 12 and 324?
12
What is the greatest common factor of 10 and 1035?
5
Calculate the highest common factor of 7 and 203.
7
What is the highest common factor of 4116 and 18?
6
Calculate the greatest common divisor of 70 and 47985.
35
Calculate the greatest common divisor of 36 and 20.
4
Calculate the highest common divisor of 36 an